). Suppose 5*b = h - 4. Let f = b - -2. What is the units digit of f?
4
Let c = 0 + 3. Suppose 0 = -2*g - c*t - t - 26, -76 = 5*g - t. Let n = g - -27. What is the units digit of n?
2
Suppose -5*j + 11 = -t - 0*t, t = 4*j - 9. Suppose -k + 3 = j*k. What is the units digit of (-16)/(-4) - k/(-1)?
5
Let s be (-14)/49 - 16/(-7). Suppose -3*d = -s*k + 19, 0*k - 4*k = -4*d - 32. What is the units digit of k?
5
Suppose 4*m = -5*i + 23, -4*m + 2*i = 4*i - 38. Let l = -5 + m. What is the units digit of l?
7
Suppose 0*t + 640 = 5*t. What is the units digit of t?
8
Let m = -24 + 59. What is the units digit of m?
5
Let s = 237 - 92. What is the tens digit of s?
4
Let z(x) = -x**3 - 2*x**2 - 2*x + 1. Let n(b) = -4*b + 1. Let c be n(-1). Suppose 4*d + 37 = c*o, -d + 5*d + 5*o - 13 = 0. What is the tens digit of z(d)?
1
Suppose 4*z - 198 = -5*g, 180 = 4*g - 0*g - 4*z. Suppose j + g = 3*j. Let k = 30 - j. What is the units digit of k?
9
Let v(n) = -13*n - 2. Let o be v(2). What is the tens digit of 1 - (o + (-6 - -4))?
3
Let g(n) = -6*n + 7*n + 1 + 20*n**2 - 2*n. What is the units digit of g(1)?
0
Let y = 5 - 5. Suppose 5*p - 53 + 8 = y. Let l = 16 - p. What is the units digit of l?
7
Suppose -9 = -3*g + 24. Let l(p) = p**2 - 11*p + 12. What is the tens digit of l(g)?
1
Let s(r) = -r. Let b(c) = c - 9. Let k(q) = -b(q) - 2*s(q). What is the units digit of k(0)?
9
Let t be ((-20)/(-6))/((-10)/(-15)). Suppose 2*g + 4*n - n - 9 = 0, 3*g - 2*n + 6 = 0. Suppose g*w - t = -w. What is the units digit of w?
5
Let f = 109 - 59. What is the units digit of ((-680)/f)/(2/(-5))?
4
Suppose -5*u + 0*j - 4*j = -32, j = -u + 6. What is the units digit of u?
8
What is the tens digit of (-89 + 3)*2*2/(-4)?
8
Let l(i) = i**3 + 20*i**2 - 29*i + 1. What is the units digit of l(-21)?
9
Suppose 8 = 3*f + s - 3, 2*f + s = 9. Let d be 3 - f/(-3 + 1). Let r = -1 + d. What is the units digit of r?
3
Let h be (10/(-4))/((-3)/(-6)). Let f = 20 - h. Suppose -2*l = -5*w + 11, 5*w + 7 = l + f. What is the units digit of l?
7
Let k(g) = -9*g**3 - 1. Let z be k(1). Let j = -3 - z. Suppose i + 6 = 5*r, -r = 4*i - 4 + j. What is the units digit of r?
1
Let o(j) = -12*j - 19. What is the units digit of o(-8)?
7
Suppose 375 = -5*v - 5*z, 0 = 4*v - 7*z + 4*z + 265. Let l = -35 - v. Suppose 4*i = l - 7. What is the units digit of i?
7
Suppose 3*g = 6*g + 4*m + 27, -4*m + 64 = -4*g. Let t = g + -7. What is the units digit of t/(-3) - (-4)/12?
7
Let a = 311 - 200. What is the units digit of a?
1
Let c(l) = 2*l - 10. Let d be c(5). Let u = -3 + 1. What is the units digit of (d - u)/((-1)/(-8))?
6
Let h(t) = t**3 - 10*t**2 + 7*t - 6. Let s be h(4). Let i = s - -119. What is the units digit of i?
5
Suppose -5 + 2 = -3*z. Let j = 1 - z. Suppose j = -5*h + 4*k + 3, 3*h + 5*k = h + 21. What is the units digit of h?
3
Let j be 3/(-1 + (-4)/(-3)). Let v = 20 - j. Suppose 4 = 5*n - v. What is the units digit of n?
3
Suppose -3*k + 4*f + 14 = -8*k, 4*k + 2*f + 10 = 0. Suppose 2*j = 2*c - 34, j - c + 73 = -4*j. What is the units digit of j/(-18) - k/9?
1
Let y = -1 - 0. Let h = 3 - y. What is the units digit of h?
4
Let f(y) = -2 + 0 - 4*y + 0. Let p(z) = -z**3 - 4*z**2 - 4*z - 3. Let x be p(-2). What is the tens digit of f(x)?
1
Suppose 0 = -10*d + 11*d - 164. What is the units digit of d?
4
What is the units digit of 10 + 0 - (-2 - -5)?
7
Suppose 4*h + 7 = 31. What is the units digit of h?
6
Let w(r) = r**3 - r**2 - 2*r + 3. Suppose j - 1 = 1. What is the units digit of w(j)?
3
Let v(p) = p + 1. Let f be v(5). Suppose -4*h + f = -54. What is the units digit of h?
5
Suppose 5*h - 19 = -2*c, 0*h - c - 10 = -4*h. Let i be h + (0 - 1 - 0). What is the units digit of (i - 4)/((-3)/18)?
2
Suppose 10 = -0*v + 2*v, 5*v = -3*z + 25. Suppose 0 = -j - 2*s + 21, z*j - j = 5*s - 24. What is the units digit of j?
9
Suppose -4*z - 15 = -9*z. Suppose -5*d + z*d + 14 = 0. What is the units digit of d?
7
Let k be 4/(-6) + 56/21. Suppose g - 3 + k = 0. What is the units digit of g*(2 + -1 + 16)?
7
Let d = -13 + 11. What is the tens digit of 2/(2/21) + d?
1
Let z(j) = -j**2 - 6*j + 9. What is the units digit of z(-7)?
2
Let x = 9 - 2. Let y(s) be the third derivative of -s**5/60 + 3*s**4/8 - 4*s**3/3 + s**2. What is the units digit of y(x)?
6
Let d(o) be the third derivative of -o**4/12 - o**3 - 3*o**2. Suppose -3*w - 2*w - 13 = 4*x, x + 2*w + 1 = 0. What is the units digit of d(x)?
8
Let i(x) = 6*x. Suppose 2*t + 6 = 22. Let o = t - 7. What is the units digit of i(o)?
6
Suppose s + 2*p = 12, 4*s - 32 = 5*p + 16. Suppose -3*z + 5 + 4 = 0. Suppose -z*d + 0*d = -s. What is the units digit of d?
4
What is the units digit of (-9 + 10 + -4)/(3/(-4))?
4
Let b = 3 - 3. Let g be (3 - (1 + b))/1. Suppose -3*f - g = -11. What is the units digit of f?
3
Suppose -4*f + 5 = -3*f. Suppose -4*w + f = 1. What is the units digit of w?
1
What is the units digit of 4/(-14) - (-107)/7?
5
What is the units digit of ((-121)/22)/(2/(-20))?
5
Let q be (-3)/(-6)*0/2. Suppose -2*r - b = q, 0 = -3*r + b - 1 + 11. What is the units digit of r?
2
Let b be ((-8)/6 + 2)*9. Suppose d - 17 = 3*c, -3*d - 3*c - 6 = 3. Suppose d*x = -x + b. What is the units digit of x?
2
Let s(a) = 3*a - a - 2*a + 4*a - 7. Let v be s(6). Suppose v = 2*f - 1. What is the units digit of f?
9
Let w(l) = -l**3 + 7*l**2 + 6*l + 11. Let v be w(8). Let u = v - -7. Suppose -u*m = -7*m + 30. What is the units digit of m?
6
Let a(l) = -1 + 1 - 6 + 2 - 3*l. What is the units digit of a(-3)?
5
Suppose -5*m = l - 39, l = -3 + 2. Let s = -1 + m. What is the units digit of s?
7
What is the tens digit of 5136/96 + (1 - 2/(-4))?
5
Let a = 15 - 11. Suppose 0 = z - a. Suppose -3*t - 23 = -q, z*q - t - 71 = 4*t. What is the tens digit of q?
1
Suppose -4*u + 0*n - 3*n - 23 = 0, 3*n = 4*u - 7. Suppose 0 = -5*q + 120 - 25. What is the units digit of -1 - (3 - (q + u))?
3
Suppose 3*g + 323 = 4*v, -5*v + 4*g - 111 = -516. What is the units digit of v?
7
Let v = 119 - 69. What is the tens digit of v?
5
Let u = 3 - 2. Let f be 0/5 - (-11 + u). Suppose i + i = f. What is the units digit of i?
5
Let c(v) = 62*v**2 + 8. What is the units digit of c(-2)?
6
Let k(s) = -27*s - 44. What is the units digit of k(-12)?
0
Let n(v) be the first derivative of -v**3/3 - 2*v**2 + 2*v - 2. Let t be n(-4). Suppose t*h - 24 = -h. What is the units digit of h?
8
Let q(k) = 2*k**2 + 3*k + 3. Let d = -4 - -2. Let f be q(d). Let y = f + -3. What is the units digit of y?
2
Suppose c + 4*c + 4*o = 31, -2*o = -4*c + 4. Suppose -c*d = d - 12. Suppose 2*v - 5*a - 27 = 0, 6*a - d = -3*v + a. What is the units digit of v?
6
Suppose 2*h - 5*o = 4*h - 49, 5*o + 173 = 4*h. What is the units digit of h?
7
Let y = 245 - 145. Suppose 2*b = -3*b + y. What is the units digit of b?
0
What is the hundreds digit of (-153)/(-1) - 40/(-8)?
1
Let r(y) = y**3 - 7*y**2 + 6*y + 4. Let f be r(6). Suppose f*m - p + 4*p = 187, -3*m - 4*p = -142. Suppose 16 = -5*v + m. What is the units digit of v?
6
Suppose 3*d = -4*v + 13, -4*d + 24 = 4*v + 4. Let q = d + -2. Suppose 5*u + g + 15 = 7*u, 0 = q*u + 4*g - 70. What is the units digit of u?
0
Let r(l) = 17*l**3 - l + 1. What is the tens digit of r(1)?
1
Suppose t - 3*h - 18 = -2*t, t - 3*h - 14 = 0. Let m(y) = -2*y**2 + 2*y**t - 2*y**2 - 2 + y**2 - 6*y. What is the units digit of m(-5)?
3
Let b = 137 + -79. Suppose 153 = 5*q + b. What is the units digit of q?
9
What is the hundreds digit of -57 + 57 - (-142)/(0 + 1)?
1
What is the hundreds digit of (107/2)/(4/8)?
1
Let t = -405 + 612. What is the units digit of t?
7
What is the tens digit of 30/45 + (-175)/(-3)?
5
What is the tens digit of (-792)/(-20) + 2/5?
4
Let y be (32/(-3))/(7/(-84)). Suppose 2 + 41 = c - 5*m, 4*m = -5*c + y. What is the units digit of c?
8
Let n = 1 - -2. Suppose a + 5*i = -4, 0 = 4*a + i - 2*i - 47. What is the units digit of a + -2 - 3/n?
8
Let q(l) = l + 1. Let z be q(-9). Suppose -36 = 2*s + s. Let y = z - s. What is the units digit of y?
4
What is the tens digit of 2 - (9/3 - 45)?
4
Let h be (-1)/(-3) - 53/(-3). What is the units digit of (h/24)/((-2)/(-24))?
9
Let v(h) = 3*h**2 - h + 1. Suppose -4*l + 17 = d, -4*d + 3*l - 8 = -0. Let n be v(d). What is the units digit of n/(-6)*-2*7?
7
Suppose 0 = 4*k - 9*k + 140. Suppose -